 base 6.
250340
-78901 (base 12) to base 16
-27211
220020202121 (base 3) to base 7
4025416
Convert -2c89b (base 13) to base 5.
-10204331
Convert 141200535 (base 7) to base 14.
131a855
What is -11c2861 (base 14) in base 9?
-17048441
Convert -96b89 (base 13) to base 15.
-559bd
Convert -10345342 (base 6) to base 4.
-1023212132
Convert -11100100001111000100000 (base 2) to base 5.
-3403310231
Convert -130001220130 (base 4) to base 11.
-4168773
Convert 5109a6 (base 14) to base 2.
1010011010010111100110
What is -2122102112 (base 3) in base 10?
-52070
-788959 (base 11) to base 2
-100110010101101011110
4727640 (base 10) to base 14
8b0c88
What is -15053004 (base 6) in base 7?
-4265023
Convert 911 (base 13) to base 16.
5ff
What is 1b292a7 (base 12) in base 13?
1275178
Convert 3a55328 (base 11) to base 2.
11010101110010100000110
What is 131335356 (base 7) in base 3?
120211101221000
4016 (base 13) to base 6
104435
3222021121 (base 4) to base 7
11103052
Convert -649694 (base 11) to base 3.
-1221201102112
-b7ee (base 15) to base 6
-500112
3487517 (base 9) to base 5
440413111
What is -11101111001100110 (base 2) in base 11?
-84017
231045102 (base 7) to base 11
7a80573
What is -189959 (base 13) in base 6?
-21151405
Convert -2115c2 (base 13) to base 2.
-10111101000011001011
117941 (base 10) to base 7
1000565
What is -207120 (base 11) in base 15?
-68392
What is -130018 (base 9) in base 8?
-231635
What is 20c354 (base 16) in base 8?
10141524
What is 11bf96 (base 16) in base 9?
2162487
Convert -27b1b (base 13) to base 3.
-10210000222
6c25c (base 13) to base 5
22320040
22244302 (base 5) to base 10
196827
20110011011100 (base 3) to base 14
653323
What is -5d9a6 (base 14) in base 11?
-147604
What is 2ab0d (base 14) in base 3?
12102000021
What is 547778 (base 9) in base 3?
121121212122
What is -16461465 (base 9) in base 10?
-8248289
What is -202100001001 (base 3) in base 14?
-a5c13
What is 1252516 (base 7) in base 15?
339c7
Convert 412223210 (base 5) to base 11.
a48076
Convert 1063846 (base 11) to base 6.
103543322
-ba7a2 (base 16) to base 2
-10111010011110100010
What is -384d3 (base 16) in base 10?
-230611
-16067220 (base 9) to base 3
-120002021020200
-201064 (base 9) to base 15
-2535a
142252 (base 6) to base 5
412441
Convert -1125150 (base 6) to base 10.
-58170
What is -2369077 (base 10) in base 7?
-26064634
5741b (base 12) to base 5
12211000
Convert 12202211222221 (base 3) to base 9.
5684887
Convert 163865 (base 10) to base 15.
33845
What is 292846 (base 10) in base 2?
1000111011111101110
What is -8822 (base 11) in base 7?
-45636
1591ec (base 15) to base 4
3332231322
-10244b5 (base 15) to base 4
-223321030031
2904579 (base 11) to base 3
100101221210012
What is -80a5f5 (base 16) in base 5?
-4124243333
-11a9319 (base 11) to base 15
-2b4a09
Convert 42055727 (base 8) to base 7.
135646444
Convert 182cb (base 15) to base 2.
10011000110111010
-201200210211 (base 3) to base 8
-1365150
Convert 71e8d5 (base 15) to base 11.
3069822
What is -52410150 (base 6) in base 9?
-2774473
-10001010111010001110101 (base 2) to base 8
-21272165
-bc372 (base 14) to base 7
-3610002
Convert 6a842 (base 11) to base 8.
307432
Convert 1111000000100000 (base 2) to base 14.
1858c
Convert -100011100010101000 (base 2) to base 8.
-434250
What is 12817735 (base 9) in base 6?
343403522
What is -21051115 (base 6) in base 10?
-613271
What is -3316185 (base 9) in base 7?
-21102656
Convert -96ce (base 15) to base 13.
-116b4
-1042322 (base 5) to base 8
-44036
-1140210204 (base 5) to base 15
-379154
Convert -9c05b (base 14) to base 12.
-163229
Convert 314224535 (base 6) to base 11.
3133801
What is 51772 (base 12) in base 5?
11402002
-254878 (base 13) to base 14
-194578
-110000100001011100 (base 2) to base 9
-332561
What is -2133213 (base 6) in base 4?
-121303221
What is 41305112 (base 6) in base 12?
495198
f25df (base 16) to base 6
33135555
170da (base 16) to base 14
265aa
-2991dc (base 14) to base 3
-2201111012021
-2c794 (base 15) to base 14
-3a3d6
305560 (base 7) to base 5
3134143
What is b50dc (base 15) in base 6?
20145113
What is 66a9b4 (base 13) in base 9?
4502357
What is -46876 (base 16) in base 11?
-188054
What is 255108 (base 9) in base 7?
1212560
Convert -2510443 (base 6) to base 2.
-100000101000011011
Convert 111011001100111100 (base 2) to base 16.
3b33c
What is -100023111012 (base 4) in base 13?
-b562c6
-20021020010111 (base 3) to base 8
-14551517
-6642206 (base 7) to base 12
-334a62
What is -1132202301 (base 4) in base 6?
-12144453
-54289 (base 10) to base 2
-1101010000010001
Convert -191581 (base 12) to base 2.
-1101010111011110001
Convert 146357 (base 10) to base 7.
1146461
-1000010312 (base 4) to base 7
-2142113
Convert 100001111011101001011 (base 2) to base 8.
4173513
What is -20417014 (base 8) in base 14?
-80b16c
203310123 (base 4) to base 10
146715
What is -101001110000010 (base 2) in base 9?
-32283
Convert 77cdb0 (base 14) to base 4.
33201132332
377165 (base 14) to base 10
1901877
-1220222021120 (base 3) to base 10
-1022991
What is -20356600 (base 7) in base 3?
-10012222020101
Convert 26b4a69 (base 12) to base 14.
1046945
What is 15422 (base 7) in base 4?
1003220
What is -1340d2 (base 14) in base 3?
-1020202011012
What is -2324400 (base 6) in base 3?
-20002221100
What is -20295 (base 10) in base 11?
-14280
Convert 10220011101 (base 3) to base 8.
225567
Convert 3bb6a6 (base 16) to base 8.
16733246
Convert -83027 (base 9) to base 7.
-315322
-221030031 (base 4) to base 9
-276383
55594 (base 15) to base 13
96616
799234 (base 10) to base 15
10bc24
What is -132103331310 (base 4) in base 14?
-10abb48
874a98 (base 11) to base 15
1c9141
3402412 (base 5) to base 6
1140312
What is 14422443 (base 6) in base 7?
4154142
-5950a (base 12) to base 5
-12314322
What is -c06 (base 14) in base 6?
-14530
Convert 1476035 (base 10) to base 12.
5b222b
What is -777425 (base 9) in base 2?
-1110001011101010000
32040020 (base 6) to base 12
393010
Convert -34b4c (base 14) to base 10.
-128448
What is -6107516 (base 8) in base 7?
-16452365
2220254 (base 6) to base 7
643153
Convert 2211100222 (base 3) to base 15.
11768
What is -54541 (base 10) in base 16?
-d50d
What is -210121211212 (base 3) in base 16?
-67e98
Convert 176680 (base 10) to base 12.
862b4
Convert 1145502 (base 7) to base 16.
23a66
33122012 (base 4) to base 12
30632
Convert -ab883 (base 14) to base 5.
-101303102
1101310310 (base 4) to base 6
11103352
5ce6a (base 16) to base 3
201022222102
-11002221 (base 5) to base 6
-2003245
Convert -2153001 (base 6) to base 4.
-122122321
What is -5231354 (base 7) in base 5?
-130121331
Convert -104df (base 16) to base 5.
-4114113
187d1 (base 15) to base 8
233044
-121322200 (base 4) to base 14
-2a97a
Convert -6160477 (base 8) to base 16.
-18e13f
-23360 (base 10) to base 13
-a82c
Convert -229d48 (base 16) to base 9.
-4236702
What is 10042133 (base 5) in base 13?
2aaa6
140231565 (base 7) to base 11
5156314
What is -2313001122 (base 4) in base 13?
-2032b0
aa1a18 (base 11) to base 15
24b4da
Convert -4432045 (base 9) to base 5.
-1102230032
Convert -11220002121111 (base 3) to base 5.
-1131200214
-44e9b4 (base 16) to base 5
-2124010101
-2032422221 (base 5) to base 16
-3fdf50
What is 1d2bc (base 15) in base 6?
2012223
What is -459670 (base 15) in base 4?
-30223021113
What is 12201211221100 (base 3) in base 4?
23220013200
-206386 (base 9) to base 14
-32a6d
What is 1b112 (base 14) in base 10?
68812
What is -7365426 (base 8) in base 11?
-111a139
-11310114 (base 5) to base 8
-312550
357855 (base 9) to base 2
110100101011001001
624624 (base 9) to base 10
370840
4b984 (base 13) to base 3
21010002200
-10232754 (base 8) to base 9
-4076524
-3453a9 (base 12) to base 8
-3145761
What is 11001000110100111001001 (base 2) in base 16?
6469c9
Convert 51240325 (base 7) to base 16.
4149dc
122010112102 (base 3) to base 16
52523
What is -33053114 (base 8) in base 12?
-2464950
21645727 (base 8) to base 12
1693b87
-10222112100 (base 3) to base 7
-444354
3411312 (base 5) to base 3
10001120220
-326461 (base 7) to base 16
-e0b0
What is d4ca (base 14) in base 6?
441334
Convert 15043545 (base 6) to base 4.
1332301121
What is -46611 (base 10) in base 4?
-23120103
123b0b (base 12) to base 13
a52b7
-4231014 (base 5) to base 16
-11467
What is -217381 (base 12) 